is divided by 69.
2
What is the remainder when 789 is divided by 11?
8
Calculate the remainder when 569 is divided by 15.
14
Calculate the remainder when 55 is divided by 12.
7
What is the remainder when 80 is divided by 18?
8
What is the remainder when 231 is divided by 57?
3
Calculate the remainder when 4775 is divided by 8.
7
Calculate the remainder when 455 is divided by 89.
10
Calculate the remainder when 1397 is divided by 2.
1
Calculate the remainder when 202 is divided by 42.
34
Calculate the remainder when 141 is divided by 5.
1
Calculate the remainder when 130 is divided by 105.
25
Calculate the remainder when 418 is divided by 17.
10
What is the remainder when 86 is divided by 16?
6
Calculate the remainder when 53 is divided by 12.
5
What is the remainder when 800 is divided by 159?
5
What is the remainder when 6431 is divided by 37?
30
Calculate the remainder when 380 is divided by 48.
44
What is the remainder when 503 is divided by 101?
99
Calculate the remainder when 6895 is divided by 238.
231
Calculate the remainder when 575 is divided by 32.
31
What is the remainder when 862 is divided by 16?
14
What is the remainder when 444 is divided by 69?
30
Calculate the remainder when 2757 is divided by 162.
3
Calculate the remainder when 731 is divided by 61.
60
What is the remainder when 270 is divided by 171?
99
Calculate the remainder when 168 is divided by 77.
14
Calculate the remainder when 11673 is divided by 17.
11
What is the remainder when 564 is divided by 25?
14
What is the remainder when 403 is divided by 101?
100
What is the remainder when 1020 is divided by 421?
178
Calculate the remainder when 345 is divided by 91.
72
Calculate the remainder when 899 is divided by 53.
51
What is the remainder when 3881 is divided by 35?
31
What is the remainder when 123 is divided by 66?
57
Calculate the remainder when 933 is divided by 14.
9
Calculate the remainder when 244 is divided by 31.
27
Calculate the remainder when 123 is divided by 10.
3
Calculate the remainder when 298 is divided by 98.
4
What is the remainder when 85 is divided by 6?
1
What is the remainder when 828 is divided by 13?
9
Calculate the remainder when 2541 is divided by 16.
13
What is the remainder when 390 is divided by 56?
54
Calculate the remainder when 65 is divided by 15.
5
What is the remainder when 86 is divided by 26?
8
Calculate the remainder when 556 is divided by 10.
6
Calculate the remainder when 932 is divided by 104.
100
What is the remainder when 515 is divided by 13?
8
Calculate the remainder when 8338 is divided by 269.
268
What is the remainder when 140 is divided by 12?
8
Calculate the remainder when 9915 is divided by 58.
55
What is the remainder when 6 is divided by 3?
0
Calculate the remainder when 1671 is divided by 167.
1
What is the remainder when 42 is divided by 9?
6
What is the remainder when 601 is divided by 67?
65
What is the remainder when 1327 is divided by 121?
117
Calculate the remainder when 140 is divided by 30.
20
What is the remainder when 4620 is divided by 67?
64
What is the remainder when 863 is divided by 286?
5
What is the remainder when 1794 is divided by 475?
369
Calculate the remainder when 337 is divided by 26.
25
Calculate the remainder when 750 is divided by 183.
18
Calculate the remainder when 151 is divided by 51.
49
What is the remainder when 1994 is divided by 168?
146
Calculate the remainder when 38 is divided by 36.
2
Calculate the remainder when 720 is divided by 122.
110
What is the remainder when 291 is divided by 42?
39
What is the remainder when 3262 is divided by 102?
100
What is the remainder when 3021 is divided by 9?
6
What is the remainder when 254 is divided by 17?
16
What is the remainder when 108 is divided by 59?
49
Calculate the remainder when 397 is divided by 260.
137
What is the remainder when 6395 is divided by 32?
27
What is the remainder when 230 is divided by 32?
6
What is the remainder when 1629 is divided by 20?
9
Calculate the remainder when 344 is divided by 58.
54
What is the remainder when 166 is divided by 42?
40
Calculate the remainder when 2559 is divided by 183.
180
What is the remainder when 50 is divided by 15?
5
What is the remainder when 359 is divided by 9?
8
What is the remainder when 2521 is divided by 628?
9
Calculate the remainder when 5345 is divided by 9.
8
Calculate the remainder when 498 is divided by 170.
158
What is the remainder when 62 is divided by 26?
10
Calculate the remainder when 1146 is divided by 118.
84
What is the remainder when 438 is divided by 61?
11
Calculate the remainder when 137 is divided by 19.
4
Calculate the remainder when 99 is divided by 37.
25
What is the remainder when 192 is divided by 59?
15
Calculate the remainder when 6634 is divided by 49.
19
What is the remainder when 225 is divided by 12?
9
Calculate the remainder when 907 is divided by 35.
32
Calculate the remainder when 17 is divided by 5.
2
What is the remainder when 3057 is divided by 4?
1
Calculate the remainder when 1144 is divided by 36.
28
What is the remainder when 3410 is divided by 95?
85
Calculate the remainder when 645 is divided by 26.
21
What is the remainder when 272 is divided by 264?
8
What is the remainder when 790 is divided by 23?
8
What is the remainder when 274 is divided by 8?
2
Calculate the remainder when 249 is divided by 14.
11
What is the remainder when 527 is divided by 23?
21
Calculate the remainder when 506 is divided by 161.
23
What is the remainder when 1103 is divided by 8?
7
Calculate the remainder when 839 is divided by 17.
6
Calculate the remainder when 14611 is divided by 47.
41
Calculate the remainder when 24 is divided by 15.
9
Calculate the remainder when 145 is divided by 19.
12
Calculate the remainder when 464 is divided by 93.
92
What is the remainder when 11757 is divided by 2?
1
Calculate the remainder when 99 is divided by 6.
3
Calculate the remainder when 51947 is divided by 117.
116
What is the remainder when 9454 is divided by 43?
37
What is the remainder when 1170 is divided by 19?
11
Calculate the remainder when 104 is divided by 23.
12
What is the remainder when 486 is divided by 70?
66
What is the remainder when 3401 is divided by 126?
125
Calculate the remainder when 89 is divided by 47.
42
What is the remainder when 325 is divided by 134?
57
What is the remainder when 1228 is divided by 30?
28
Calculate the remainder when 182 is divided by 40.
22
Calculate the remainder when 1308 is divided by 414.
66
What is the remainder when 166 is divided by 130?
36
What is the remainder when 2056 is divided by 1024?
8
What is the remainder when 551 is divided by 33?
23
What is the remainder when 45 is divided by 37?
8
What is the remainder when 64 is divided by 22?
20
Calculate the remainder when 160 is divided by 34.
24
Calculate the remainder when 3958 is divided by 233.
230
What is the remainder when 7452 is divided by 71?
68
Calculate the remainder when 654 is divided by 110.
104
Calculate the remainder when 5329 is divided by 1328.
17
Calculate the remainder when 1711 is divided by 33.
28
Calculate the remainder when 399 is divided by 97.
11
What is the remainder when 23559 is divided by 310?
309
What is the remainder when 79 is divided by 19?
3
What is the remainder when 41248 is divided by 275?
273
Calculate the remainder when 3537 is divided by 58.
57
Calculate the remainder when 1345 is divided by 54.
49
What is the remainder when 5837 is divided by 11?
7
What is the remainder when 17951 is divided by 48?
47
What is the remainder when 47 is divided by 27?
20
Calculate the remainder when 558 is divided by 16.
14
What is the remainder when 128 is divided by 22?
18
What is the remainder when 267 is divided by 68?
63
Calculate the remainder when 450 is divided by 22.
10
What is the remainder when 152 is divided by 9?
8
Calculate the remainder when 174 is divided by 53.
15
What is the remainder when 725 is divided by 83?
61
What is the remainder when 709 is divided by 121?
104
What is the remainder when 261 is divided by 183?
78
What is the remainder when 153 is divided by 39?
36
What is the remainder when 2718 is divided by 10?
8
Calculate the remainder when 359 is divided by 12.
11
Calculate the remainder when 99 is divided 